 t(o) = -o**2 - 8*o - 8. What is the units digit of t(s)?
4
Let i(n) = 4*n**3 + 5*n**2 + 6*n + 14. Let h(p) = -5*p**3 - 6*p**2 - 7*p - 15. Let z(k) = 5*h(k) + 6*i(k). What is the units digit of z(0)?
9
Let o be (6/(-8))/((-5)/(-60)). Let h = 13 + o. Suppose a + 2*t - 2 = 2, h*t = 0. What is the units digit of a?
4
Suppose -2*g + 12*g - 1610 = 0. What is the tens digit of g?
6
Suppose -12 = -6*b + 2*b, -4*i = -2*b - 26. What is the units digit of i?
8
What is the tens digit of (4 + 0)/(-4) - -48?
4
Let f(y) = 2*y**3 + 2*y**2 - 59. Let i(o) = -o**3 - o**2 + 30. Let q(m) = 2*f(m) + 5*i(m). What is the units digit of q(0)?
2
Let v be 1 - -21*4/(-3). Let i = -18 - v. Suppose -4*n + 6 = -d, -5*d - i + 0 = n. What is the units digit of n?
1
Let t = -18 + 37. What is the units digit of t?
9
Let k(h) = h**2 + 4*h - 11. What is the tens digit of k(-9)?
3
Suppose 3*n = -2*w + 14 - 1, w = -5*n + 24. Suppose -n*u + 5 = 5*t, 0*u + 3*u - 2*t = 28. What is the units digit of u?
6
Let j(n) = -n**3 - 4*n**2 + 5*n + 3. Let w = 1 + -6. Let z be j(w). Let q = z + 6. What is the units digit of q?
9
What is the tens digit of 904/6*30/20?
2
Suppose -5*c = 8 - 28. Suppose -3*o - o - h = -18, 2*o - 2*h = c. Suppose -4*z = 5*i - 18, o*z = 5*i + 20 + 18. What is the units digit of z?
7
Let d = -12 - -23. Let j = -6 + d. What is the units digit of j?
5
Let u(j) = j**3 + 12*j**2 + 14*j + 22. What is the hundreds digit of u(-8)?
1
Suppose d + w = -0*d - 3, -10 = -2*d + 2*w. What is the units digit of (-4)/2 - (-10 + d)?
7
Let m be (-363)/(-77) + (-2)/(-7). Suppose 0 = m*x - 5*b - 40, 0 = x - 2*b - 6 - 0. What is the tens digit of x?
1
Suppose 4*w - 23 = 3*w. What is the units digit of w?
3
Let k(t) = -3*t**3 + 3*t**2 + 2*t + 3. What is the tens digit of k(-3)?
0
Suppose 5*h - 27 = 3*w, w + 5 = -h - w. Let b = 10 - h. What is the units digit of b?
7
Suppose 0 = -2*v + 3*v. Suppose -5*l + k + 47 = 0, 5*l + v*k - 39 = -3*k. What is the units digit of l?
9
Suppose -2 = -2*f - 26. Let l be 16/56 + f/(-7). Suppose l*w = 22 - 2. What is the tens digit of w?
1
Let u be (-5 - 0)*(-15)/(-25). Let v(r) = r**2 - 2*r + 4. What is the tens digit of v(u)?
1
Suppose a + 3*a = 144. What is the tens digit of a?
3
Let y(v) = 9*v - 1. Let w be y(1). What is the units digit of 4/w + (-23)/(-2)?
2
Suppose 3*v = 4*v - 2. Suppose v*d - 148 = 5*j, -4*d + 0*d + 328 = -2*j. What is the tens digit of (4/6)/(4/d)?
1
Let w(s) = -s**2 - 4*s + 5. Let k be w(4). What is the units digit of ((-2)/(-6))/((-9)/k)?
1
Let b(g) = -3*g - 2. Let m be b(-2). Suppose 3*j - m*r = -2*r + 20, j = -5*r - 16. Let v(x) = -x**2 + 5*x + 2. What is the units digit of v(j)?
6
Let f = -7 - -9. Suppose f*v + 2*v = 60. What is the units digit of v?
5
Let v(n) = -6*n + 1. Let g be v(-1). Suppose -g = -2*k + 3. Suppose -h + k*h = j + 14, 2*h - 16 = -4*j. What is the units digit of h?
4
Suppose -3*q - 48 = -3*y, -2*y - 4*q - 30 = -4*y. What is the tens digit of y?
1
Suppose 94 = -3*d + 5*d. What is the tens digit of d?
4
What is the units digit of ((-1)/5)/((-3)/2985)?
9
Suppose 3*c - 3*b = 7*c - 1138, 5*b - 562 = -2*c. What is the units digit of c?
6
Let p(d) = -d**2 + 5*d - 3. Let q be p(3). Suppose -6*k - 3*g = -k - 31, -q*k + g = -27. What is the units digit of k?
8
Let z be (3/(-4))/(5/(-20)). What is the tens digit of (2 + z)*(-13)/(-5)?
1
Let k(l) = -l**3 - 6*l**2 + 3*l + 12. What is the hundreds digit of k(-9)?
2
What is the tens digit of 2301/27 - (-2)/(-9)?
8
Suppose 3*s = 3*w + 24, -1 = -4*s - 9. Let q = w - -17. What is the units digit of -1 + q + 3/1?
9
Let x(j) = 2*j**2 + 7*j + 4. What is the tens digit of x(-7)?
5
Let t(f) = 2 - 2*f**2 - f**2 + 3*f + f**3 + 8*f**2. Let u = -4 - 0. What is the units digit of t(u)?
6
What is the tens digit of (-1)/(-4) - (-1 - 4092/16)?
5
Let u be 3*8/(-6) + 48. Suppose -k + 4*p + u = 0, -4*k = -3*p + 49 - 186. What is the units digit of k?
2
Let d(n) = -2*n**3 - 4*n**2 + 4. What is the units digit of d(-3)?
2
Let v(m) be the third derivative of m**5/60 + 5*m**4/12 + 2*m**3 + 2*m**2. Let u be v(-8). What is the units digit of (5 + -2)/(-3)*u?
4
Let i = 93 - -127. What is the units digit of i?
0
Let m be -1 - (-1 - 14) - 0. Suppose -q + m = q. What is the units digit of q?
7
Suppose 0 = 3*z - 3*s - 27, 3*z - 3 = 4*s + 24. Suppose -3*j + 5 = 2*w, 4*w - j + 9 = w. Let c = w + z. What is the units digit of c?
7
What is the tens digit of 6/(-51) - (-2037)/119?
1
Let t(x) = 7 - 2*x**2 + x**2 - 11*x**3 + 12*x**3. What is the units digit of t(0)?
7
Suppose l + 4 - 9 = -3*b, 2*b = 0. Suppose l*k + 30 = 3*z, -3*k - 3*z = -2*z + 4. What is the units digit of 1*1/k*-9?
3
Suppose -5*b + b + q = -10, -2*q = -4. Let j = 4 + 0. Suppose 4*g + 5*i - 47 = 0, -b*g - 5 = -j*g + i. What is the units digit of g?
8
Suppose -p - 2 = -5. Let d be -2*p/6 + -6. What is the units digit of (0 - d)*(0 - -1)?
7
Let f be (4/1)/(-4 - -5). Suppose -12 = -f*j + 20. What is the units digit of j?
8
Suppose -x + 35 - 5 = 0. What is the tens digit of x?
3
Suppose a + 158 + 38 = 0. Let l(u) = 2*u**2 + 5*u + 3. Let g be l(-3). What is the tens digit of 4/g + a/(-21)?
1
Let p(j) = j**2 - 2*j + 8. What is the units digit of p(6)?
2
Let n(s) = s**3 - 10*s**2 + 13*s - 1. What is the units digit of n(9)?
5
Suppose -6*w - 8 = -4*v - 2*w, 3*w + 11 = 4*v. Suppose -t = -v*t + 60. What is the tens digit of t?
1
Let z be (-492)/(-42) + (-2)/(-7). Suppose 2*s = -4 + z. Suppose -2*u + 39 = 3*u + 2*l, -3*u + s*l + 13 = 0. What is the units digit of u?
7
Let x(c) be the first derivative of -18*c**4 + c**3/3 - c + 4. Let s be x(-1). Suppose s = h + 3*h. What is the tens digit of h?
1
Suppose 4*x - 3 = 13. Let m = 0 + x. Suppose 0 = 5*q + 4*p - 41, 3*q - m*p - 22 = q. What is the units digit of q?
9
Suppose -2*u = -6*u + 596. What is the hundreds digit of u?
1
Let x(m) = m**2 + m - 3. Let y be x(-3). Suppose 4*v - 14 = j - 3*j, -5*j = y*v - 7. What is the units digit of v?
4
Suppose 5*o - p = 231, -3*p + 6*p = 5*o - 223. What is the tens digit of o?
4
Let b(y) = 3*y + 2. Let i be b(3). Let s(l) = l**2 - 9*l - 8. What is the units digit of s(i)?
4
Suppose 0 = 2*z - 9 - 9. Let c = z + 4. Suppose -11 = -3*r + c. What is the units digit of r?
8
Let k be ((-44)/(-10))/((-2)/(-5)). Let v = -2 + k. What is the units digit of v?
9
Let v be (2/(-4))/(2/(-4)). Let l be (-1)/(-4) + (-245)/(-28). Let w = v + l. What is the units digit of w?
0
What is the tens digit of 2/8 + 438*(-5)/(-40)?
5
Let y(k) = 28*k - 1. What is the tens digit of y(1)?
2
Suppose -18 - 17 = -c. What is the tens digit of c?
3
Let g(j) = 0 + 3*j + 2 - 3. Let y = -10 - -11. What is the units digit of g(y)?
2
Let w = 131 - 82. Suppose 3*f - 5*q - 9 = w, -28 = -2*f - 2*q. What is the tens digit of f?
1
Let k be 2*((-7)/(-2) - 1). Suppose -k = v - 14. What is the units digit of v?
9
Let f(g) = g + 11. Let n be f(-10). Let l be n/2*-1*0. Suppose 5*d - 50 = 4*t, -5*d - 5*t + l = -5. What is the units digit of d?
6
Let i(t) = -t**2 + 10*t + 7. Suppose -2*l + 15 = l. Suppose -35 = -l*x - 3*y, 3*x = -4*y + 10 - 0. What is the units digit of i(x)?
7
Suppose 3*q - 197 = 154. What is the units digit of q?
7
Let k(b) be the third derivative of -b**4/2 + b**3/6 + 2*b**2. What is the units digit of k(-1)?
3
Suppose 2*p = 8, -y = 4*p - 23 - 6. Suppose 17 = 2*m - y. Let t = m + -11. What is the units digit of t?
4
Let j(v) be the first derivative of -v**4 + v**2/2 + v - 2. What is the units digit of j(-1)?
4
Let b(j) = 2*j + 2. Let q be b(-5). Let y(i) = -i**2 - 7*i + 10. Let d be y(q). Let r = 3 - d. What is the units digit of r?
1
Let l(d) = d**2 + 8*d + 2. Let z be l(-7). Let c(n) = -n**2 - 5*n - 3. Let t be c(z). Let b = t + 4. What is the units digit of b?
1
Let a(w) = 9*w - 4. What is the tens digit of a(5)?
4
Suppose 0 = 5*w - v - 32, 3*v - 4 = -w + 4*v. Let q = w - 3. What is the units digit of q?
4
Let v(d) = -9*d - 3. Let x(b) = 17*b + 5. Let z(p) = -7*v(p) - 4*x(p). What is the units digit of z(-1)?
6
Let a(k) be the second derivative of k**3/6 - 3*k**2 + 2*k. Let r be a(5). Let z = 1 - r. What is the units digit of z?
2
Suppose 69 = -3*y + 2*j, 0 = 6*y - y + 5*j + 140. Let q = 13 - y. What is the tens digit of q?
3
Suppose -8 = 4*x - 8*x. Suppose 5*q - 43 = -n, 5*q + 2*n = 53 - 7. Sup